{"id":37,"date":"2023-07-12T11:24:03","date_gmt":"2023-07-12T11:24:03","guid":{"rendered":"https:\/\/micheljobert.fr\/?page_id=37"},"modified":"2023-08-06T11:12:41","modified_gmt":"2023-08-06T11:12:41","slug":"oeuvre-politique","status":"publish","type":"page","link":"https:\/\/micheljobert.fr\/index.php\/oeuvre-politique\/","title":{"rendered":"Oeuvre Politique"},"content":{"rendered":"\t\t<div data-elementor-type=\"wp-page\" data-elementor-id=\"37\" class=\"elementor elementor-37\">\n\t\t\t\t\t\t<section class=\"elementor-section elementor-top-section elementor-element elementor-element-e4b7615 elementor-section-boxed elementor-section-height-default elementor-section-height-default\" data-id=\"e4b7615\" data-element_type=\"section\">\n\t\t\t\t\t\t<div class=\"elementor-container elementor-column-gap-default\">\n\t\t\t\t\t<div class=\"elementor-column elementor-col-100 elementor-top-column elementor-element elementor-element-f0e0824\" data-id=\"f0e0824\" data-element_type=\"column\">\n\t\t\t<div class=\"elementor-widget-wrap elementor-element-populated\">\n\t\t\t\t\t\t<div class=\"elementor-element elementor-element-b0dafcc elementor-widget elementor-widget-text-editor\" data-id=\"b0dafcc\" data-element_type=\"widget\" data-widget_type=\"text-editor.default\">\n\t\t\t\t<div class=\"elementor-widget-container\">\n\t\t\t\t\t\t\t<p>Michel Jobert a \u00e9crit de nombreux ouvrages politiques, ainsi que d&rsquo;innombrables articles.\u00a0<span style=\"font-style: inherit; font-weight: inherit; color: var( --e-global-color-text ); font-family: var( --e-global-typography-text-font-family ), Sans-serif; background-color: var(--ast-global-color-5);\">Vous pouvez consulter des extraits de certains d&rsquo;entre eux.<\/span><\/p>\t\t\t\t\t\t<\/div>\n\t\t\t\t<\/div>\n\t\t\t\t\t<\/div>\n\t\t<\/div>\n\t\t\t\t\t<\/div>\n\t\t<\/section>\n\t\t\t\t<section class=\"elementor-section elementor-top-section elementor-element elementor-element-401ceda elementor-section-boxed elementor-section-height-default elementor-section-height-default\" data-id=\"401ceda\" data-element_type=\"section\">\n\t\t\t\t\t\t<div class=\"elementor-container elementor-column-gap-default\">\n\t\t\t\t\t<div class=\"elementor-column elementor-col-100 elementor-top-column elementor-element elementor-element-1131ffc\" data-id=\"1131ffc\" data-element_type=\"column\">\n\t\t\t<div class=\"elementor-widget-wrap elementor-element-populated\">\n\t\t\t\t\t\t<div class=\"elementor-element elementor-element-5cd0528 elementor-widget elementor-widget-heading\" data-id=\"5cd0528\" data-element_type=\"widget\" data-widget_type=\"heading.default\">\n\t\t\t\t<div class=\"elementor-widget-container\">\n\t\t\t<h5 class=\"elementor-heading-title elementor-size-default\"><u>D\u00e9mocratie vivante :<\/u><\/h5>\t\t<\/div>\n\t\t\t\t<\/div>\n\t\t\t\t\t<\/div>\n\t\t<\/div>\n\t\t\t\t\t<\/div>\n\t\t<\/section>\n\t\t\t\t<section class=\"elementor-section elementor-top-section elementor-element elementor-element-7c01665 elementor-section-boxed elementor-section-height-default elementor-section-height-default\" data-id=\"7c01665\" data-element_type=\"section\">\n\t\t\t\t\t\t<div class=\"elementor-container elementor-column-gap-default\">\n\t\t\t\t\t<div class=\"elementor-column elementor-col-100 elementor-top-column elementor-element elementor-element-1114dc6\" data-id=\"1114dc6\" data-element_type=\"column\">\n\t\t\t<div class=\"elementor-widget-wrap elementor-element-populated\">\n\t\t\t\t\t\t<div class=\"elementor-element elementor-element-64821b4 elementor-widget elementor-widget-text-editor\" data-id=\"64821b4\" data-element_type=\"widget\" data-widget_type=\"text-editor.default\">\n\t\t\t\t<div class=\"elementor-widget-container\">\n\t\t\t\t\t\t\t<blockquote><p><span style=\"color: #000000;\">\u00ab\u00a0Le suffrage universel ne doit pas \u00eatre un ch\u00e8que en blanc remis \u00e0 un parti, \u00e0 des \u00e9lus ou \u00e0 une <span style=\"font-style: inherit; font-weight: inherit; font-family: var( --e-global-typography-text-font-family ), Sans-serif; background-color: var(--ast-global-color-5);\">personne dont la devise serait : \u00ab\u00a0Elisez-moi, je ferai le reste\u00a0\u00bb<\/span><\/span><\/p><p><span style=\"font-style: inherit; font-weight: inherit; color: #000000; font-family: var( --e-global-typography-text-font-family ), Sans-serif; background-color: var(--ast-global-color-5);\">Or, pr\u00e9cis\u00e9ment, le reste est l&rsquo;affaire de tous.<\/span><\/p><p><span style=\"color: #000000;\">Il peut y avoir de bons dirigeants, suffisamment modestes pour \u00eatre attentifs, et ayant assez <\/span><span style=\"color: #000000;\">d&rsquo;inqui\u00e9tude pour \u00eatre imaginatifs. Mais il ne peut y avoir d&rsquo;hommes providentiels qui verraient <\/span><span style=\"color: #000000;\">infailliblement le danger et le calme. Et s&rsquo;ils existaient, il leur faudrait encore apprendre \u00e0 faire <\/span><span style=\"color: #000000;\">partager leur conviction et \u00e0 en trouver la r\u00e9v\u00e9lation chez autrui. <\/span><span style=\"color: #000000;\">Au demeurant, le paysage politique est aujourd&rsquo;hui trop brouill\u00e9, dans l&rsquo;inqui\u00e9tude et la division, <\/span><span style=\"color: #000000;\">pour que nul ne puisse s&rsquo;aviser, sans \u00eatre ridicule, de chanter trop fort sa propre louange.\u00a0\u00bb<\/span><\/p><\/blockquote>\t\t\t\t\t\t<\/div>\n\t\t\t\t<\/div>\n\t\t\t\t\t<\/div>\n\t\t<\/div>\n\t\t\t\t\t<\/div>\n\t\t<\/section>\n\t\t\t\t<section class=\"elementor-section elementor-top-section elementor-element elementor-element-84e5be9 elementor-section-boxed elementor-section-height-default elementor-section-height-default\" data-id=\"84e5be9\" data-element_type=\"section\">\n\t\t\t\t\t\t<div class=\"elementor-container elementor-column-gap-default\">\n\t\t\t\t\t<div class=\"elementor-column elementor-col-100 elementor-top-column elementor-element elementor-element-b6bd859\" data-id=\"b6bd859\" data-element_type=\"column\">\n\t\t\t<div class=\"elementor-widget-wrap elementor-element-populated\">\n\t\t\t\t\t\t<div class=\"elementor-element elementor-element-959ba64 elementor-widget elementor-widget-heading\" data-id=\"959ba64\" data-element_type=\"widget\" data-widget_type=\"heading.default\">\n\t\t\t\t<div class=\"elementor-widget-container\">\n\t\t\t<h2 class=\"elementor-heading-title elementor-size-default\"><h5 data-elementor-setting-key=\"title\" data-lt-tmp-id=\"lt-936041\" data-gramm=\"false\" data-pen-placeholder=\"\u00c9crivez ici...\" style=\"font-style: normal;font-weight: var( --e-global-typography-primary-font-weight );font-family: var( --e-global-typography-primary-font-family ), Sans-serif\"><u>Monde Arabe :<\/u><\/h5><\/h2>\t\t<\/div>\n\t\t\t\t<\/div>\n\t\t\t\t\t<\/div>\n\t\t<\/div>\n\t\t\t\t\t<\/div>\n\t\t<\/section>\n\t\t\t\t<section class=\"elementor-section elementor-top-section elementor-element elementor-element-e55b2ae elementor-section-boxed elementor-section-height-default elementor-section-height-default\" data-id=\"e55b2ae\" data-element_type=\"section\">\n\t\t\t\t\t\t<div class=\"elementor-container elementor-column-gap-default\">\n\t\t\t\t\t<div class=\"elementor-column elementor-col-100 elementor-top-column elementor-element elementor-element-19e450d\" data-id=\"19e450d\" data-element_type=\"column\">\n\t\t\t<div class=\"elementor-widget-wrap elementor-element-populated\">\n\t\t\t\t\t\t<div class=\"elementor-element elementor-element-f29c76d elementor-widget elementor-widget-text-editor\" data-id=\"f29c76d\" data-element_type=\"widget\" data-widget_type=\"text-editor.default\">\n\t\t\t\t<div class=\"elementor-widget-container\">\n\t\t\t\t\t\t\t<blockquote>\n<p><span style=\"color: #000000;\">\u00ab\u00a0Sans doute le monde arabe, avec ou sans p\u00e9trole, n&rsquo;est-il pas m\u00fbr pour rompre le cycle d&rsquo;une longue tutelle. On peut en \u00e9prouver le regret ou s&rsquo;en r\u00e9jouir. A l&rsquo;Occident, on s&rsquo;en r\u00e9jouira plut\u00f4t, par tropisme habituel, sinon tr\u00e8s honorable. La pouss\u00e9e islamique sur l&rsquo;Europe, comme les croisades en<\/span><br><span style=\"color: #000000;\">Orient n&rsquo;ont pas fini de nourrir les fantasmes. Comment persuader des esprits &#8211; conditionn\u00e9s depuis si longtemps &#8211; qu&rsquo;un Proche-Orient lib\u00e9r\u00e9 et prosp\u00e8re, dans sa richesse mieux partag\u00e9e, sera plus ais\u00e9ment un partenaire pour le progr\u00e8s qu&rsquo;un adversaire n&rsquo;utilisant ses moyens que pour d\u00e9truire.&nbsp;<span style=\"font-style: inherit; font-weight: inherit; font-family: var( --e-global-typography-text-font-family ), Sans-serif; background-color: var(--ast-global-color-5);\">Avec le r\u00e8gne des oligarchies ou des r\u00e9gimes dictatoriaux, le monde arabe se muselle lui-m\u00eame et&nbsp;<\/span><span style=\"font-style: inherit; font-weight: inherit; font-family: var( --e-global-typography-text-font-family ), Sans-serif; background-color: var(--ast-global-color-5);\">nourrit en lui rancune et d\u00e9sespoir. Peut-\u00eatre ceux qui vont n\u00e9gocier l&rsquo;admettront-ils, m\u00eame s&rsquo;ils n&rsquo;en&nbsp;<\/span><span style=\"font-style: inherit; font-weight: inherit; font-family: var( --e-global-typography-text-font-family ), Sans-serif; background-color: var(--ast-global-color-5);\">tiennent pas compte ?\u00a0\u00bb<\/span><\/span><\/p>\n<\/blockquote>\t\t\t\t\t\t<\/div>\n\t\t\t\t<\/div>\n\t\t\t\t\t<\/div>\n\t\t<\/div>\n\t\t\t\t\t<\/div>\n\t\t<\/section>\n\t\t\t\t<\/div>\n\t\t","protected":false},"excerpt":{"rendered":"<p>Michel Jobert a \u00e9crit de nombreux ouvrages politiques, ainsi que d&rsquo;innombrables articles.\u00a0Vous pouvez consulter des extraits de certains d&rsquo;entre eux. D\u00e9mocratie vivante : \u00ab\u00a0Le suffrage universel ne doit pas \u00eatre un ch\u00e8que en blanc remis \u00e0 un parti, \u00e0 des \u00e9lus ou \u00e0 une personne dont la devise serait : \u00ab\u00a0Elisez-moi, je ferai le reste\u00a0\u00bb&#8230;<\/p>\n","protected":false},"author":1,"featured_media":0,"parent":0,"menu_order":0,"comment_status":"closed","ping_status":"closed","template":"","meta":{"om_disable_all_campaigns":false,"_monsterinsights_skip_tracking":false,"_monsterinsights_sitenote_active":false,"_monsterinsights_sitenote_note":"","_monsterinsights_sitenote_category":0,"_kadence_starter_templates_imported_post":false,"_kad_post_transparent":"","_kad_post_title":"","_kad_post_layout":"","_kad_post_sidebar_id":"","_kad_post_content_style":"","_kad_post_vertical_padding":"","_kad_post_feature":"","_kad_post_feature_position":"","_kad_post_header":false,"_kad_post_footer":false,"footnotes":""},"class_list":["post-37","page","type-page","status-publish","hentry"],"aioseo_notices":[],"_links":{"self":[{"href":"https:\/\/micheljobert.fr\/index.php\/wp-json\/wp\/v2\/pages\/37","targetHints":{"allow":["GET"]}}],"collection":[{"href":"https:\/\/micheljobert.fr\/index.php\/wp-json\/wp\/v2\/pages"}],"about":[{"href":"https:\/\/micheljobert.fr\/index.php\/wp-json\/wp\/v2\/types\/page"}],"author":[{"embeddable":true,"href":"https:\/\/micheljobert.fr\/index.php\/wp-json\/wp\/v2\/users\/1"}],"replies":[{"embeddable":true,"href":"https:\/\/micheljobert.fr\/index.php\/wp-json\/wp\/v2\/comments?post=37"}],"version-history":[{"count":4,"href":"https:\/\/micheljobert.fr\/index.php\/wp-json\/wp\/v2\/pages\/37\/revisions"}],"predecessor-version":[{"id":111,"href":"https:\/\/micheljobert.fr\/index.php\/wp-json\/wp\/v2\/pages\/37\/revisions\/111"}],"wp:attachment":[{"href":"https:\/\/micheljobert.fr\/index.php\/wp-json\/wp\/v2\/media?parent=37"}],"curies":[{"name":"wp","href":"https:\/\/api.w.org\/{rel}","templated":true}]}}